rime factors of q.
2
Suppose -5*o + 53 = -1247. What are the prime factors of o?
2, 5, 13
Suppose 0 = 2*u + 2*u - 5*r - 803, 785 = 4*u + r. What are the prime factors of u?
197
Let u = 87 + -60. Suppose b - u = -5*v, -4*v - 27 = -3*b - v. What are the prime factors of b?
2, 3
Let q(w) = 99 + 36*w + 43 - 43*w. What are the prime factors of q(0)?
2, 71
Let f(t) = -7*t + 12. Let n be (-47)/(-9) - (-40)/(-180). Suppose -h + 0 = n. What are the prime factors of f(h)?
47
Let r = -31 - 18. Let i = r - -71. List the prime factors of i.
2, 11
Suppose -2*q = -5*q + 66. Let c = q - 18. List the prime factors of c/(-28) - (-758)/14.
2, 3
Suppose c = -2*t + 2, 0 = -0*c + 5*c + 5*t - 30. Let i = c - 10. List the prime factors of 1*8 - (-3 + i).
11
Let g be -3*2*(-21)/6. Let z be g/(-6)*(-8)/14. List the prime factors of (z - 1)/(11/275).
5
Let z = 6247 - 1841. What are the prime factors of z?
2, 2203
Suppose -2*k = 2*k - 20. Suppose k*m - 1 = 164. List the prime factors of m.
3, 11
Suppose -q + z = -0*q - 149, -2*q - 3*z + 273 = 0. Suppose 0 = a - 4*a + q. What are the prime factors of a?
2, 3
Let q(j) = 179*j**2 - j - 22. What are the prime factors of q(-3)?
2, 199
Suppose 5*w - 4333 + 522 = -4*z, -3816 = -5*w + z. Suppose 191 = -13*v + w. What are the prime factors of v?
2, 11
Let z(u) = 2*u - 8. Let b = 8 + -10. Let n(f) = -4*f. Let o be n(b). List the prime factors of z(o).
2
Let u(y) = y**2 + y + 7. What are the prime factors of u(-5)?
3
Let c = 43 + 11. Let q = -201 - -285. Let f = q - c. List the prime factors of f.
2, 3, 5
Suppose -4*s = -6*s - 4*p + 2876, 3*p = -2*s + 2878. What are the prime factors of s?
2, 7, 103
Let f = 102 - 98. Suppose 4*a = -f*s + 748, 4*s + a + 349 - 1103 = 0. What are the prime factors of s?
3, 7
Let y = -152 + 257. What are the prime factors of y?
3, 5, 7
Suppose -68576 + 197250 = 98*v. What are the prime factors of v?
13, 101
Suppose -2*m - 56 = -2*y, -2*m + 40 = -4*m - 2*y. Let f be (292/6)/((-16)/m). Let n = -38 + f. List the prime factors of n.
5, 7
Suppose 0 = -j - 4*j. Suppose j*l = 5*l - 15. Suppose 2*f + 4*m - 58 = 0, 16 = l*f - 3*m - 26. List the prime factors of f.
19
Suppose -4433 + 825 = -4*a. What are the prime factors of a?
2, 11, 41
Let v = -77 - -91. Suppose -2 + 1 = y, -3*o + 5*y = -v. What are the prime factors of o?
3
Let m = 45 + -31. Suppose m*f = 7*f + 616. List the prime factors of f.
2, 11
What are the prime factors of (13/(-3))/(2/(-426))?
13, 71
Let q(k) = k**3 - 8*k**2 + 8*k - 3. Let r be q(7). Suppose -2*h = r*a - 0*a + 36, 4*h = -4*a - 76. Let v = h + 43. List the prime factors of v.
23
Let w(x) = -x**3 - x**2 - 3*x - 5. Let v be w(-2). Suppose -v*k + 514 = -136. List the prime factors of k.
2, 5, 13
Let w = 21 - -30. Let i be (-1054)/w + 2/3. What are the prime factors of 202/8 + 5/i?
5
Suppose 2*b + 3 - 7 = 0. Suppose -b*v + 4 - 8 = 0. List the prime factors of (-2 - (v + -3))*6.
2, 3
Suppose -1136 = 20*f - 6836. What are the prime factors of f?
3, 5, 19
Suppose -924 + 418 = -2*v. What are the prime factors of v?
11, 23
Let w be 5/(-2)*(-2)/5. Let s(x) = -5*x**2 + 2*x - 1. Let b be s(w). List the prime factors of b - -6 - (-1 - 32).
5, 7
Let h(y) = 2*y**2 - 21*y - 66. What are the prime factors of h(27)?
3, 5, 11
Let u = -24 - -2. Let l = 58 - u. List the prime factors of l.
2, 5
Let m(d) = -2*d**2 - 9*d - 1. Let v be m(-4). Let k be 1 - (3 - v) - -4. What are the prime factors of k + -3 - 0 - -27?
29
Let n(t) = 3*t**3 - t**2 + t - 1. Let l be n(1). What are the prime factors of ((-11)/l)/(15/(-120))?
2, 11
Suppose -18*s + 7*s = -3157. List the prime factors of s.
7, 41
Suppose -10*b + 7*b + 120 = 0. Let v = 71 - b. List the prime factors of v.
31
Suppose 0*h + 3*v - 878 = -5*h, -514 = -3*h - 5*v. List the prime factors of h.
2, 89
Let k(r) = r**2 - 12*r - 27. Let w be (4 + 16/(-10))/((-3)/15). What are the prime factors of k(w)?
3, 29
Suppose 0 = 2*i + 4*i - 948. What are the prime factors of i?
2, 79
Let m be (-6)/27 - (-376)/72. Suppose m*u - 2*q - 128 = -3*q, 102 = 4*u + q. List the prime factors of u.
2, 13
Let y = 18 - 32. Let w = y - 6. Let u = 1 - w. List the prime factors of u.
3, 7
Let r(j) be the first derivative of -j**3/3 + 9*j**2/2 - 4*j - 3. Let y be 300/70 + 2/(-7). What are the prime factors of r(y)?
2
Let f be 3*(22/(-3) + 2). List the prime factors of (0 - f/4)*2.
2
Let s be 1 + 1 - -2 - 76. Let d be ((-2)/(-6))/((-8)/s). Suppose -d*w + 8*w = 100. List the prime factors of w.
2, 5
Suppose d = 3*w - 1, 3*w - 7*w + 5*d - 17 = 0. Suppose 4*y - 22 = -2*m, -12 + 41 = w*y - 5*m. What are the prime factors of y?
7
Let q(i) = 77*i**2 + 144*i - 732. What are the prime factors of q(5)?
1913
Let m(p) be the third derivative of p**5/60 + 3*p**4/8 - 29*p**3/6 - 8*p**2. List the prime factors of m(-15).
61
Suppose 0 = -3*t - 3*k + 24, -2*k + 1 + 2 = t. Let u(n) = n**2 - 12*n - 11. Let p be u(t). What are the prime factors of -1*p*(-4)/1?
2
Let p(l) = 14*l**2 - 2. Suppose 0 = 4*g - g + 3*n + 21, -2*g = -4*n - 16. List the prime factors of p(g).
2, 3
Let i = -143 - -97. Let p = 32 - i. What are the prime factors of p?
2, 3, 13
Let x be ((-642)/(-9))/((-2)/6). Let k = x + 356. What are the prime factors of k?
2, 71
Suppose 37 = x - 5*s, 3*s - 4*s + 190 = 4*x. Suppose -109 = -4*v + x. Suppose y = 4*y - v. List the prime factors of y.
13
Let g(r) = 8*r - 2*r - r**2 - 4 + 9*r - 1. Let f be g(14). Suppose -5*p + f = -3*z + 22, z - 5*p + 9 = 0. List the prime factors of z.
11
Suppose -22 - 5 = o. List the prime factors of 164/9 - (-6)/o.
2, 3
List the prime factors of (-111*5 + 4)*(-2 - -1).
19, 29
Let d = 30 + -25. Suppose 5*k - i - 248 = 0, -k = -0*k + d*i - 60. What are the prime factors of k?
2, 5
Let c(x) = 0 + 0 + x + 1 - 4. Let j be c(-3). What are the prime factors of (6/4)/((-1)/j)?
3
Let q(s) = -s**3 + 7*s**2 - 6*s. Let o be q(6). Suppose -3*g + 27 - 12 = o. Suppose 0 = g*n + 2*j - 285, 3*n - 295 = -2*n - 4*j. List the prime factors of n.
5, 11
Suppose 2*n - 4*k = 94, 5*k - 239 = -5*n + 56. Let s = 93 - n. What are the prime factors of s?
2, 19
Suppose 3*y + 18 = 3. Let w(s) = -s**3 + 5*s**2 + 7*s - 11. What are the prime factors of w(y)?
2, 3, 17
Suppose -29*t - 15 = -34*t. Suppose 210 = -4*y + 1202. Suppose 0 = -u - t*u + y. List the prime factors of u.
2, 31
Suppose 3*h = -2*y + 23, -3*y + 7*y - 18 = -2*h. Suppose 2*a + 1 = h. List the prime factors of (a*39/9)/1.
13
Let m = -207 + 266. List the prime factors of m.
59
Suppose 34 = 5*p + 19. Suppose 2*n - 223 = -4*i - 13, 5*i - p*n - 235 = 0. What are the prime factors of i?
2, 5
Let j(c) be the second derivative of 10*c**3/3 + 21*c**2 - 18*c. What are the prime factors of j(5)?
2, 71
Let m be (-51 - 0) + 0/3. Let b = -34 - m. What are the prime factors of b?
17
Let y = -53 - -74. Let x = 129 - y. What are the prime factors of x?
2, 3
Suppose 0*y + y = 4. What are the prime factors of 12/16*y + 52?
5, 11
Suppose 24*c + 1616 = 28*c. What are the prime factors of c?
2, 101
Suppose n = -3*y + 542, -4*n + 4*y + 1041 + 1063 = 0. Suppose -7*s - n = -12*s. What are the prime factors of s?
2, 53
Let m(q) = 3*q**2 - 2*q + 4. Let c be m(-4). Suppose -2*g + 4*y - 30 = -y, -4*g = -y + c. List the prime factors of (-2)/6 + (-500)/g.
3, 11
Suppose -i + 5*d - 65 = 0, -119 = 2*i - d + 2. Suppose 2*c + 3*j = 234, 2*c - 5*j - 70 - 132 = 0. Let l = c + i. What are the prime factors of l?
3, 17
Suppose -5*y + 3*o + 15201 = -y, -11397 = -3*y + 3*o. List the prime factors of y.
2, 3, 317
Suppose -3*g + 5*g + 16 = 0. Let i be -8*9/(-2)*1. Let f = i + g. List the prime factors of f.
2, 7
Let q(c) = 3*c**2 - 3*c + 2. Let h(t) = 2*t**2 - 6 - t**2 + t + 5 + 0. Let n(z) = -2*h(z) + q(z). List the prime factors of n(7).
2, 3
Let d = -25 - -29. Suppose -d*k + 9 = 1. Suppose k*f - 3 - 81 = 0. What are the prime factors of f?
2, 3, 7
Suppose -5*d + 39 = 4. Suppose 11*u - 16 = d*u. List the prime factors of u.
2
Suppose -y + 9 = -5. Let o(u) = -u**3 + 13*u**2 + 15*u + 1. List the prime factors of o(y).
3, 5
Let u(w) = w + 3. Let c be u(-11). Let a be (6/8)/((-1)/(-48)). What are the prime factors of 1*a/c*-6?
3
Let y be 22520/35 - (-16)/28. Suppose -y - 52 = -3*r. List the prime factors of r.
2, 29
Let b = -64 + 67. Suppose 2*k + 106 = b*k - 2*n, 0 = n + 5. Li